tors of 24072.
2, 3, 17, 59
List the prime factors of 670.
2, 5, 67
List the prime factors of 11961.
3, 443
List the prime factors of 146.
2, 73
List the prime factors of 78149.
17, 4597
What are the prime factors of 973?
7, 139
What are the prime factors of 126468?
2, 3, 1171
List the prime factors of 202.
2, 101
What are the prime factors of 6538?
2, 7, 467
What are the prime factors of 1581?
3, 17, 31
List the prime factors of 2426.
2, 1213
List the prime factors of 1495.
5, 13, 23
What are the prime factors of 565?
5, 113
What are the prime factors of 54949?
54949
What are the prime factors of 898?
2, 449
List the prime factors of 3218.
2, 1609
What are the prime factors of 3542?
2, 7, 11, 23
What are the prime factors of 1396?
2, 349
What are the prime factors of 75830?
2, 5, 7583
What are the prime factors of 1247?
29, 43
What are the prime factors of 13175?
5, 17, 31
List the prime factors of 21309.
3, 7103
What are the prime factors of 3198?
2, 3, 13, 41
List the prime factors of 14727.
3, 4909
List the prime factors of 8165.
5, 23, 71
What are the prime factors of 55005?
3, 5, 19, 193
List the prime factors of 2828.
2, 7, 101
List the prime factors of 1564.
2, 17, 23
What are the prime factors of 3352?
2, 419
What are the prime factors of 930?
2, 3, 5, 31
What are the prime factors of 5085?
3, 5, 113
What are the prime factors of 1067?
11, 97
List the prime factors of 23777.
13, 31, 59
List the prime factors of 2852.
2, 23, 31
List the prime factors of 869.
11, 79
What are the prime factors of 2114?
2, 7, 151
List the prime factors of 59715.
3, 5, 1327
What are the prime factors of 6243?
3, 2081
What are the prime factors of 3578?
2, 1789
What are the prime factors of 72183?
3, 24061
What are the prime factors of 1040?
2, 5, 13
List the prime factors of 9193.
29, 317
List the prime factors of 68987.
149, 463
What are the prime factors of 10142?
2, 11, 461
List the prime factors of 16079.
7, 2297
List the prime factors of 27612.
2, 3, 13, 59
What are the prime factors of 771?
3, 257
List the prime factors of 2207.
2207
What are the prime factors of 16264?
2, 19, 107
What are the prime factors of 856?
2, 107
List the prime factors of 3270.
2, 3, 5, 109
What are the prime factors of 472?
2, 59
What are the prime factors of 1400?
2, 5, 7
What are the prime factors of 833?
7, 17
List the prime factors of 9491.
9491
What are the prime factors of 1143?
3, 127
List the prime factors of 3724.
2, 7, 19
What are the prime factors of 1913?
1913
List the prime factors of 64424.
2, 8053
What are the prime factors of 429?
3, 11, 13
List the prime factors of 2666.
2, 31, 43
What are the prime factors of 95432?
2, 79, 151
List the prime factors of 926.
2, 463
What are the prime factors of 2411?
2411
What are the prime factors of 5417?
5417
List the prime factors of 83310.
2, 3, 5, 2777
List the prime factors of 1384.
2, 173
List the prime factors of 17525.
5, 701
What are the prime factors of 12172?
2, 17, 179
What are the prime factors of 1859?
11, 13
What are the prime factors of 1073?
29, 37
List the prime factors of 115315.
5, 23063
What are the prime factors of 10670?
2, 5, 11, 97
What are the prime factors of 6654?
2, 3, 1109
What are the prime factors of 65628?
2, 3, 1823
What are the prime factors of 147963?
3, 31, 37, 43
What are the prime factors of 2955?
3, 5, 197
What are the prime factors of 711?
3, 79
List the prime factors of 1931.
1931
List the prime factors of 164649.
3, 71, 773
What are the prime factors of 23768?
2, 2971
What are the prime factors of 11443?
11443
List the prime factors of 772.
2, 193
What are the prime factors of 9677?
9677
What are the prime factors of 4905?
3, 5, 109
List the prime factors of 73748.
2, 103, 179
What are the prime factors of 464?
2, 29
List the prime factors of 93827.
93827
List the prime factors of 6395.
5, 1279
What are the prime factors of 26480?
2, 5, 331
What are the prime factors of 534?
2, 3, 89
What are the prime factors of 202571?
167, 1213
What are the prime factors of 16565?
5, 3313
What are the prime factors of 83306?
2, 23, 1811
List the prime factors of 15795.
3, 5, 13
What are the prime factors of 4348?
2, 1087
List the prime factors of 4452.
2, 3, 7, 53
List the prime factors of 1419.
3, 11, 43
What are the prime factors of 4570?
2, 5, 457
What are the prime factors of 3296?
2, 103
What are the prime factors of 191961?
3, 7, 11, 277
List the prime factors of 3205.
5, 641
List the prime factors of 5133.
3, 29, 59
What are the prime factors of 4503?
3, 19, 79
List the prime factors of 91800.
2, 3, 5, 17
List the prime factors of 1852.
2, 463
What are the prime factors of 8563?
8563
What are the prime factors of 3304?
2, 7, 59
List the prime factors of 3939.
3, 13, 101
What are the prime factors of 2798?
2, 1399
List the prime factors of 2989.
7, 61
List the prime factors of 516.
2, 3, 43
List the prime factors of 4653.
3, 11, 47
List the prime factors of 55.
5, 11
What are the prime factors of 27292?
2, 6823
What are the prime factors of 105590?
2, 5, 10559
List the prime factors of 1060.
2, 5, 53
What are the prime factors of 248?
2, 31
List the prime factors of 2101.
11, 191
What are the prime factors of 7614?
2, 3, 47
What are the prime factors of 24286?
2, 12143
What are the prime factors of 13317?
3, 23, 193
What are the prime factors of 66096?
2, 3, 17
What are the prime factors of 4344?
2, 3, 181
What are the prime factors of 5895?
3, 5, 131
What are the prime factors of 1004?
2, 251
List the prime factors of 771.
3, 257
What are the prime factors of 99535?
5, 17, 1171
What are the prime factors of 37607?
37607
List the prime factors of 34252.
2, 8563
What are the prime factors of 3091?
11, 281
List the prime factors of 9670.
2, 5, 967
List the prime factors of 2622.
2, 3, 19, 23
What are the prime factors of 3255?
3, 5, 7, 31
List the prime factors of 963.
3, 107
What are the prime factors of 781?
11, 71
List the prime factors of 10890.
2, 3, 5, 11
What are the prime factors of 9860?
2, 5, 17, 29
What are the prime factors of 26539?
26539
What are the prime factors of 794?
2, 397
List the prime factors of 1599.
3, 13, 41
List the prime factors of 174342.
2, 3, 7, 593
What are the prime factors of 25061?
19, 1319
What are the prime factors of 1393?
7, 199
List the prime factors of 3206.
2, 7, 229
What are the prime factors of 61884?
2, 3, 191
What are the prime factors of 100803?
3, 33601
List the prime factors of 15698.
2, 47, 167
What are the prime factors of 6577?
6577
What are the prime factors of 50998?
2, 43, 593
List the prime factors of 1181.
1181
What are the prime factors of 12021?
3, 4007
What are the prime factors of 136990?
2, 5, 7, 19, 103
List the prime factors of 3032.
2, 379
List the prime factors of 29103.
3, 89, 109
List the prime factors of 794.
2, 397
List the prime factors of 100144.
2, 11, 569
What are the prime factors of 5427?
3, 67
List the prime factors of 356.
2, 89
What are the prime factors of 23925?
3, 5, 11, 29
List the prime factors of 2908.
2, 727
List the prime factors of 35342.
2, 41, 431
List the prime factors of 7984.
2, 499
List the prime factors of 34521.
3, 37, 311
What are the prime factors of 8903?
29, 307
List the prime factors of 5345.
5, 1069
List the prime factors of 1541.
23, 67
List the prime factors of 67647.
3, 22549
List the prime factors of 48861.
3, 61, 89
What are the prime factors of 5307?
3, 29, 61
What are the prime factors of 1509?
3, 503
List the prime factors of 583.
11, 53
List the prime factors of 33295.
5, 6659
What are the prime factors of 922?
2, 461
What are the prime factors of 6778?
2, 3389
List the prime factors of 4812.
2, 3, 401
What are the prime factors of 34630?
2, 5, 3463
List the prime factors of 81.
3
What are the prime factors of 9307?
41, 227
What are the prime factors of 19225?
5, 769
What are the prime factors of 1242?
2, 3, 23
List the prime factors of 52840.
2, 5, 1321
What are the prime factors of 1960?
2, 5, 7
What are the prime factors of 44966?
2, 22483
What are the prime factors of 17093?
17093
List the prime factors of 1024.
2
List the prime factors of 34129.
34129
List the prime factors of 6773.
13, 521
List the prime factors of 1919.
19, 101
What are the prime factors of 4532?
2, 11